{"id":1491,"date":"2019-09-07T23:30:06","date_gmt":"2019-09-07T21:30:06","guid":{"rendered":"http:\/\/mietentscheid-frankfurt.de\/?page_id=1491"},"modified":"2019-09-08T01:12:13","modified_gmt":"2019-09-07T23:12:13","slug":"gruende-fuer-den-mietentscheid","status":"publish","type":"page","link":"https:\/\/mietentscheid-frankfurt.de\/?page_id=1491","title":{"rendered":"Gr\u00fcnde f\u00fcr den Mietentscheid"},"content":{"rendered":"<p>[et_pb_section bb_built=&#8220;1&#8243; fullwidth=&#8220;on&#8220; _builder_version=&#8220;3.18.4&#8243; next_background_color=&#8220;#000000&#8243;][et_pb_fullwidth_header title=&#8220;Gr\u00fcnde f\u00fcr den Mietentscheid&#8220; _builder_version=&#8220;3.18.4&#8243; title_text_color=&#8220;#fff164&#8243; button_one_text_size__hover_enabled=&#8220;off&#8220; button_one_text_size__hover=&#8220;null&#8220; button_two_text_size__hover_enabled=&#8220;off&#8220; button_two_text_size__hover=&#8220;null&#8220; button_one_text_color__hover_enabled=&#8220;off&#8220; button_one_text_color__hover=&#8220;null&#8220; button_two_text_color__hover_enabled=&#8220;off&#8220; button_two_text_color__hover=&#8220;null&#8220; button_one_border_width__hover_enabled=&#8220;off&#8220; button_one_border_width__hover=&#8220;null&#8220; button_two_border_width__hover_enabled=&#8220;off&#8220; button_two_border_width__hover=&#8220;null&#8220; button_one_border_color__hover_enabled=&#8220;off&#8220; button_one_border_color__hover=&#8220;null&#8220; button_two_border_color__hover_enabled=&#8220;off&#8220; button_two_border_color__hover=&#8220;null&#8220; button_one_border_radius__hover_enabled=&#8220;off&#8220; button_one_border_radius__hover=&#8220;null&#8220; button_two_border_radius__hover_enabled=&#8220;off&#8220; button_two_border_radius__hover=&#8220;null&#8220; button_one_letter_spacing__hover_enabled=&#8220;off&#8220; button_one_letter_spacing__hover=&#8220;null&#8220; button_two_letter_spacing__hover_enabled=&#8220;off&#8220; button_two_letter_spacing__hover=&#8220;null&#8220; button_one_bg_color__hover_enabled=&#8220;off&#8220; button_one_bg_color__hover=&#8220;null&#8220; button_two_bg_color__hover_enabled=&#8220;off&#8220; button_two_bg_color__hover=&#8220;null&#8220; \/][\/et_pb_section][et_pb_section bb_built=&#8220;1&#8243; _builder_version=&#8220;3.18.4&#8243; custom_padding=&#8220;0|0px|82px|0px|false|false&#8220; prev_background_color=&#8220;#000000&#8243;][et_pb_row _builder_version=&#8220;3.0.47&#8243; background_size=&#8220;initial&#8220; background_position=&#8220;top_left&#8220; background_repeat=&#8220;repeat&#8220;][et_pb_column type=&#8220;2_3&#8243;][et_pb_blurb content_max_width=&#8220;1100px&#8220; _builder_version=&#8220;3.18.4&#8243; saved_tabs=&#8220;all&#8220;]<\/p>\n<h3>Was wir alle schon l\u00e4ngst wissen<\/h3>\n<p>Seit Jahren steigen die Mieten in Frankfurt drastisch und sind f\u00fcr Durchschnittsverdienende kaum mehr bezahlbar. Das wissen wir alle schon l\u00e4ngst. W\u00e4hrend Mieterh\u00f6hungen an der Tagesordnung sind, schwindet gleichzeitig die Zahl von Wohnungen mit Sozialbindung. <span class=\"uppercase\">DOCH WAS IST SO BESONDERS AN DIESEN WOHNUNGEN?<\/span> Bei diesen sogenannten Sozialwohnungen handelt es sich um ganz normale Wohnungen, vielleicht wohnt sogar Dein*e Nachbar*in in einer! Ihre Miete ist jedoch gebunden, kann also nicht steigen und darf nur 5,00 bis 6,50 Euro pro Quadratmeter (qm) betragen. Zum Vergleich: bei ungebundenen Wohnungen liegt der Preis in Frankfurt teilweise bei astronomischen 16 Euro! In den 1990er-Jahren gab es in Frankfurt fast 70.000 solcher Wohnungen. <a id=\"anker1\" title=\"Fu\u00dfnote\" href=\"#fn1\">[1]<\/a> Und obwohl Frankfurt enorm gewachsen ist, sind es heute nur noch knapp 26.000. <a id=\"anker2\" title=\"Fu\u00dfnote\" href=\"#fn2\">[2]<\/a> 2017 gab es in der Stadt 4.722 Baufertigstellungen.<a id=\"anker3\" title=\"Fu\u00dfnote\" href=\"#fn3\">[3]<\/a> Das klingt auf den ersten Blick nach viel. Doch nur 134 davon waren Sozialwohnungen <a id=\"anker4\" title=\"Fu\u00dfnote\" href=\"#fn4\">[4]<\/a> \u2013 was also gerade mal 3% aller Neubauten sind. Als w\u00e4re das nicht schon viel zu wenig, fallen zudem jedes Jahr Hunderte Sozialwohnungen aus der Preisbindung (meist nach 20 Jahren). Die Miete kann dann sprunghaft erh\u00f6ht werden (was leider auch so gut wie immer passiert). <span class=\"uppercase\">WERDEN DENN \u00dcBERHAUPT SOZIALWOHNUNGEN GEBRAUCHT?<\/span> Ja! Die Nachfrage ist riesig, und deswegen gibt es eine Warteliste beim Frankfurter Wohnungsamt. Standen im Jahr 2009 noch 5.500 Haushalte auf dieser, waren es 2017 schon 9.500,Tendenz steigend. <a id=\"anker5\" title=\"Fu\u00dfnote\" href=\"#fn5\">[5]<\/a><\/p>\n<h3>\u00a0<\/h3>\n<\/p>\n<h3>2 von 3 Mieter*innen in Frankfurt haben Anspruch auf gef\u00f6rderten Wohnraum \u2013 vielleicht auch Du?<\/h3>\n<p>\u00dcbrigens, Anspruch auf eine Sozialwohnung haben nicht nur arme Menschen \u2013 das ist eine nicht totzukriegende Legende \u2013, sondern das errechnet sich (unter anderem) daran, wie hoch Dein monatliches Einkommen ist. Das Darmst\u00e4dter Institut Wohnen und Umwelt hat ermittelt, dass 49 % (!) aller Frankfurter Mietwohnungs-Haushalte Anspruch auf eine Sozialwohnung zu einem Mietpreis von 5,00 bis 6,50 Euro haben. Zus\u00e4tzlich dazu haben weitere 19 % aller Mieter*innen einen Anspruch auf eine Wohnung des sogenannten zweiten F\u00f6rderwegs, also f\u00fcr 8,50 bis 10,50 Euro pro Quadratmeter (Frankfurter Mittelschichtsprogramm). Zusammengenommen sind 68 % aller Frankfurter Miethaushalte vom Einkommen her berechtigt, eine gef\u00f6rderte Wohnung zu beziehen, also etwa 2 von 3! <a id=\"anker6\" title=\"Fu\u00dfnote\" href=\"#fn6\">[6]<\/a><\/p>\n<h3>\u00a0<\/h3>\n<\/p>\n<h3>Wer tr\u00e4gt eigentlich die Verantwortung?<\/h3>\n<p>Die Stadt. Na ja, nicht die ganze Stadt. Was viele nicht wissen, ist, dass die Stadt Frankfurt selbst sehr viele Wohnungen besitzt, und daf\u00fcr eine eigene Firma gegr\u00fcndet hat: Die Wohnungsbaugesellschaft &#8222;ABG Frankfurt Holding&#8220;. Hinter diesem komplizierten Namen stehen etwa 50.000 Wohnungen in ganz Frankfurt \u2013 also ein richtig gro\u00dfer Fisch im Frankfurter Wohnungsmarkt. Und hier ist auch des Pudels Kern: W\u00e4hrend also die &#8222;halbe Stadt&#8220; Anrecht auf Sozialwohnungen und 19 % auf Wohnungen des Frankfurter Mittelschichtsprogramms haben, befinden sich aktuell nur knapp 8,5 % aller Frankfurter Wohnungen in solchen Preisbindungen <a id=\"anker7\" title=\"Fu\u00dfnote\" href=\"#fn7\">[7]<\/a> \u2013 jedes Kind erkennt schnell, dass hier etwas nicht stimmt. Die Wohnungspolitik des Frankfurter Magistrats und der ABG Holding haben diese schwierige Situation auf dem Wohnungsmarkt wesentlich verursacht: Der gef\u00f6rderte Wohnungsbau wurde in den letzten Jahren massiv vernachl\u00e4ssigt. <a id=\"anker8\" title=\"Fu\u00dfnote\" href=\"#fn8\">[8]<\/a> Neubau findet in Frankfurt und Umgebung eigentlich fast nur noch im oberen Preissegment statt. Neben teuren Mietwohnungen entstehen Eigentumswohnungen, die sich nur noch Haushalte mit hohen und sehr hohen Einkommen leisten k\u00f6nnen \u2013 oder oft sogar leer stehen. Die \u00f6ffentlichen Wohnungsunternehmen unterscheiden sich in diesem Punkt leider kaum von gewinnorientierten Immobilieninvestoren.<\/p>\n<h3>\u00a0<\/h3>\n<\/p>\n<h3>Wir haben einen Plan!<\/h3>\n<p>Um die Verdr\u00e4ngung der Frankfurter*innen mit kleinen und mittleren Einkommen zu verhindern, ist es n\u00f6tig, deutlich mehr Sozialwohnungen und gef\u00f6rderte Wohnungen zu schaffen und Bindungen langfristig zu sichern. Weil das nicht von alleine passiert, haben wir drei Strategien entwickelt. Sie klingen auf den ersten Blick sehr kompliziert, k\u00f6nnen aber ziemlich viel bewegen:<\/p>\n<ol>\n<li>Im Neubau der ABG Frankfurt Holding sollen ausschlie\u00dflich gef\u00f6rderte Wohnungen geschaffen werden. Dass bislang kaum Wohnungen in diesem Preissegment entstehen, liegt nicht an fehlenden finanziellen Ressourcen. Ebenso ist der gef\u00f6rderte Wohnungsbau f\u00fcr den Bautr\u00e4ger kein Verlustgesch\u00e4ft. Die Rendite ist etwas niedriger als bei freifinanzierten Wohnungen. Deswegen investieren private und \u00f6ffentliche Wohnungsunternehmen lieber in teure Wohnungen statt in gef\u00f6rderten Wohnraum. Was fehlt, ist der politische Wille, die ABG Frankfurt Holding anzuweisen, ausschlie\u00dflich preisgebundene Wohnungen zu bauen.<\/li>\n<li>2. Die Wohnungen aller Mieter*innen der ABG Frankfurt Holding, die vom Einkommen her Anspruch auf eine Sozialwohnung haben, m\u00fcssen auf das Preisniveau des sozialen Wohnungsbaus (h\u00f6chstens 6,50 Euro pro qm) abgesenkt werden, wenn sie bisher dar\u00fcber liegen.<\/li>\n<li>3. Bestehende Wohnungen des st\u00e4dtischen Wohnungsunternehmens ABG Frankfurt Holding m\u00fcssen beim Auszug einer Mietpartei zu fairen Preisen neu vergeben werden. Dazu sollen zwei Drittel analog dem derzeitigen Preisniveau des sozialen Wohnungsbaus von maximal 6,50 Euro pro qm und ein Drittel auf dem derzeitigen Preisniveau des &#8222;Frankfurter Programms f\u00fcr den Neubau von bezahlbaren Mietwohnungen: F\u00f6rderweg 2\u2033 (8,50 bis 10,50 Euro pro qm) vermietet werden. Gegenw\u00e4rtig gibt es in Frankfurt nur 26.190 Sozialwohnungen sowie 4.575 im Frankfurter Mittelschichtsprogramm. Unser Ziel ist, dass dieser Bestand mit den drei genannten Strategien in den n\u00e4chsten Jahren deutlich(!) ausgeweitet wird, um so die Wohnungskrise zu lindern. Frankfurt soll eine Stadt f\u00fcr alle sein. Daf\u00fcr muss nun entschieden gehandelt werden!<\/li>\n<\/ol>\n<h3>MIETENTSCHEID FRANKFURT<\/h3>\n<p>Hier entscheidest Du den Preis! Deshalb bitten wir Dich: Unterst\u00fctze den B\u00fcrgerentscheid und stimme mit JA!<\/p>\n<hr \/>\n<ul>\n<li id=\"fn1\"><a href=\"#anker1\">[1]<\/a> Schipper, Sebastian (2018): Wohnraum dem Markt entziehen? Wohnungspolitik und st\u00e4dtische soziale Bewegungen in Frankfurt und Tel Aviv. Wiesbaden, S. 84.<\/li>\n<li id=\"fn2\"><a href=\"#anker2\">[2]<\/a> Amt f\u00fcr Wohnungswesen, Frankfurt (2018): Wohnungsmarktbericht 2017, S. 47. <a href=\"https:\/\/www.frankfurt.de\/sixcms\/media.php\/738\/wmb%202017_internet.pdf\">https:\/\/www.frankfurt.de\/sixcms\/media.php\/738\/wmb%202017_internet.pdf&gt;<\/a><\/li>\n<li id=\"fn3\"><a href=\"#anker3\">[3]<\/a> <a href=\"https:\/\/www.stvv.frankfurt.de\/download\/F_1279_2018.pdf\">https:\/\/www.stvv.frankfurt.de\/download\/F_1279_2018.pdf<\/a><\/li>\n<li id=\"fn4\"><a href=\"#anker4\">[4]<\/a> <a href=\"https:\/\/www.stvv.frankfurt.de\/download\/F_1279_2018.pdf\">https:\/\/www.stvv.frankfurt.de\/download\/F_1279_2018.pdf<\/a><\/li>\n<li id=\"fn5\"><a href=\"#anker5\">[1]<\/a> Amt f\u00fcr Wohnungswesen, Frankfurt (2018): Wohnungsmarktbericht 2017, S. 44. <a href=\"https:\/\/www.frankfurt.de\/sixcms\/media.php\/738\/wmb%202017_internet.pdf\">https:\/\/www.frankfurt.de\/sixcms\/media.php\/738\/wmb%202017_internet.pdf&gt;<\/a><\/li>\n<li id=\"fn6\"><a href=\"#anker6\">[6]<\/a> Institut Wohnen und Umwelt (2015): Sch\u00e4tzung der im Frankfurter Programm f\u00fcr familien- und seniorengerechten Mietwohnungsbau berechtigten Haushalte. Darmstadt. S. 13.<\/li>\n<li id=\"fn7\"><a href=\"#anker7\">[7]<\/a> Amt f\u00fcr Wohnungswesen, Frankfurt (2018): Wohnungsmarktbericht 2017, S. 48. <a href=\"https:\/\/www.frankfurt.de\/sixcms\/media.php\/738\/wmb%202017_internet.pdf\">https:\/\/www.frankfurt.de\/sixcms\/media.php\/738\/wmb%202017_internet.pdf&gt;<\/a><\/li>\n<li id=\"fn8\"><a href=\"#anker8\">[8]<\/a> Schipper, Sebastian (2018): Wohnraum dem Markt entziehen? Wohnungspolitik und st\u00e4dtische soziale Bewegungen in Frankfurt und Tel Aviv. Wiesbaden, S. 80ff.<\/li>\n<\/ul>\n<p>[\/et_pb_blurb][\/et_pb_column][et_pb_column type=&#8220;1_3&#8243;][et_pb_blurb title=&#8220;Kontakt&#8220; _builder_version=&#8220;3.5.1&#8243; header_level=&#8220;h3&#8243; header_font=&#8220;Rokkitt|700|||||||&#8220; header_text_color=&#8220;#e53134&#8243; body_font_size=&#8220;17&#8243; background_color=&#8220;#fff164&#8243; border_radii_image=&#8220;on|5px|5px|5px|5px&#8220; border_width_top_image=&#8220;10px&#8220; border_color_top_image=&#8220;#ffe900&#8243; box_shadow_style_image=&#8220;preset2&#8243; custom_padding=&#8220;15px|15px|15px|15px&#8220; global_module=&#8220;569&#8243; saved_tabs=&#8220;all&#8220;]<\/p>\n<p><strong>Mail:<\/strong> <a href=\"mailto:info@mietentscheid-frankfurt.de\">info@mietentscheid-frankfurt.de<\/a><\/p>\n<p>Kontaktnummer f\u00fcr <strong>Presseanfragen:<\/strong><br \/>\n0175-60 66 421<\/p>\n<p><strong>SPENDENKONTO:<\/strong><br \/>\nDieter Fornoni \u2013 Mietentscheid Frankfurt<br \/>\nIBAN: DE87 4306 0967 6050 8674 00<br \/>\nGLS Bank<\/p>\n<p>[\/et_pb_blurb][et_pb_social_media_follow _builder_version=&#8220;3.5.1&#8243; saved_tabs=&#8220;all&#8220; global_module=&#8220;1201&#8243;][et_pb_social_media_follow_network _builder_version=&#8220;3.5.1&#8243; social_network=&#8220;facebook&#8220; skype_action=&#8220;call&#8220; url=&#8220;https:\/\/www.facebook.com\/Mietentscheid-Frankfurt-582696638773036\/&#8220; background_color=&#8220;#3b5998&#8243; use_background_color_gradient=&#8220;off&#8220; background_color_gradient_start=&#8220;#2b87da&#8220; background_color_gradient_end=&#8220;#29c4a9&#8243; background_color_gradient_type=&#8220;linear&#8220; background_color_gradient_direction=&#8220;180deg&#8220; background_color_gradient_direction_radial=&#8220;center&#8220; background_color_gradient_start_position=&#8220;0%&#8220; background_color_gradient_end_position=&#8220;100%&#8220; background_color_gradient_overlays_image=&#8220;off&#8220; parallax=&#8220;off&#8220; parallax_method=&#8220;on&#8220; background_size=&#8220;cover&#8220; background_position=&#8220;center&#8220; background_repeat=&#8220;no-repeat&#8220; background_blend=&#8220;normal&#8220; allow_player_pause=&#8220;off&#8220; background_video_pause_outside_viewport=&#8220;on&#8220; box_shadow_style=&#8220;none&#8220; custom_padding=&#8220;15px|15px|15px|15px&#8220; custom_padding_tablet=&#8220;15px|15px|15px|15px&#8220; custom_padding_phone=&#8220;15px|15px|15px|15px&#8220;] Facebook [\/et_pb_social_media_follow_network][et_pb_social_media_follow_network _builder_version=&#8220;3.5.1&#8243; skype_action=&#8220;call&#8220; url=&#8220;https:\/\/twitter.com\/mietentscheid&#8220; use_background_color_gradient=&#8220;off&#8220; background_color_gradient_start=&#8220;#2b87da&#8220; background_color_gradient_end=&#8220;#29c4a9&#8243; background_color_gradient_type=&#8220;linear&#8220; background_color_gradient_direction=&#8220;180deg&#8220; background_color_gradient_direction_radial=&#8220;center&#8220; background_color_gradient_start_position=&#8220;0%&#8220; background_color_gradient_end_position=&#8220;100%&#8220; background_color_gradient_overlays_image=&#8220;off&#8220; parallax=&#8220;off&#8220; parallax_method=&#8220;on&#8220; background_size=&#8220;cover&#8220; background_position=&#8220;center&#8220; background_repeat=&#8220;no-repeat&#8220; background_blend=&#8220;normal&#8220; allow_player_pause=&#8220;off&#8220; background_video_pause_outside_viewport=&#8220;on&#8220; box_shadow_style=&#8220;none&#8220; social_network=&#8220;twitter&#8220; background_color=&#8220;#00aced&#8220; custom_padding=&#8220;15px|15px|15px|15px&#8220; custom_padding_tablet=&#8220;15px|15px|15px|15px&#8220; custom_padding_phone=&#8220;15px|15px|15px|15px&#8220;] Twitter [\/et_pb_social_media_follow_network][et_pb_social_media_follow_network _builder_version=&#8220;3.5.1&#8243; social_network=&#8220;instagram&#8220; skype_action=&#8220;call&#8220; url=&#8220;https:\/\/www.instagram.com\/mietentscheid_frankfurt\/&#8220; background_color=&#8220;#ea2c59&#8243; use_background_color_gradient=&#8220;off&#8220; background_color_gradient_start=&#8220;#2b87da&#8220; background_color_gradient_end=&#8220;#29c4a9&#8243; background_color_gradient_type=&#8220;linear&#8220; background_color_gradient_direction=&#8220;180deg&#8220; background_color_gradient_direction_radial=&#8220;center&#8220; background_color_gradient_start_position=&#8220;0%&#8220; background_color_gradient_end_position=&#8220;100%&#8220; background_color_gradient_overlays_image=&#8220;off&#8220; parallax=&#8220;off&#8220; parallax_method=&#8220;on&#8220; background_size=&#8220;cover&#8220; background_position=&#8220;center&#8220; background_repeat=&#8220;no-repeat&#8220; background_blend=&#8220;normal&#8220; allow_player_pause=&#8220;off&#8220; background_video_pause_outside_viewport=&#8220;on&#8220; custom_padding=&#8220;15px|15px|15px|15px&#8220; custom_padding_tablet=&#8220;15px|15px|15px|15px&#8220; custom_padding_phone=&#8220;15px|15px|15px|15px&#8220; box_shadow_style=&#8220;none&#8220;] Instagram [\/et_pb_social_media_follow_network][et_pb_social_media_follow_network _builder_version=&#8220;3.5.1&#8243; social_network=&#8220;rss&#8220; skype_action=&#8220;call&#8220; url=&#8220;https:\/\/mietentscheid-frankfurt.de\/?feed=rss2&#8243; background_color=&#8220;#ff8a3c&#8220; use_background_color_gradient=&#8220;off&#8220; background_color_gradient_start=&#8220;#2b87da&#8220; background_color_gradient_end=&#8220;#29c4a9&#8243; background_color_gradient_type=&#8220;linear&#8220; background_color_gradient_direction=&#8220;180deg&#8220; background_color_gradient_direction_radial=&#8220;center&#8220; background_color_gradient_start_position=&#8220;0%&#8220; background_color_gradient_end_position=&#8220;100%&#8220; background_color_gradient_overlays_image=&#8220;off&#8220; parallax=&#8220;off&#8220; parallax_method=&#8220;on&#8220; background_size=&#8220;cover&#8220; background_position=&#8220;center&#8220; background_repeat=&#8220;no-repeat&#8220; background_blend=&#8220;normal&#8220; allow_player_pause=&#8220;off&#8220; background_video_pause_outside_viewport=&#8220;on&#8220; custom_padding=&#8220;15px|15px|15px|15px&#8220; custom_padding_tablet=&#8220;15px|15px|15px|15px&#8220; custom_padding_phone=&#8220;15px|15px|15px|15px&#8220; box_shadow_style=&#8220;none&#8220;] RSS [\/et_pb_social_media_follow_network][\/et_pb_social_media_follow][\/et_pb_column][\/et_pb_row][\/et_pb_section]<\/p>\n","protected":false},"excerpt":{"rendered":"<p>Was wir alle schon l\u00e4ngst wissen Seit Jahren steigen die Mieten in Frankfurt drastisch und sind f\u00fcr Durchschnittsverdienende kaum mehr bezahlbar. Das wissen wir alle schon l\u00e4ngst. W\u00e4hrend Mieterh\u00f6hungen an der Tagesordnung sind, schwindet gleichzeitig die Zahl von Wohnungen mit Sozialbindung. DOCH WAS IST SO BESONDERS AN DIESEN WOHNUNGEN? Bei diesen sogenannten Sozialwohnungen handelt es [&hellip;]<\/p>\n","protected":false},"author":1,"featured_media":0,"parent":0,"menu_order":0,"comment_status":"closed","ping_status":"closed","template":"","meta":{"_et_pb_use_builder":"on","_et_pb_old_content":"","_et_gb_content_width":""},"post_mailing_queue_ids":[],"_links":{"self":[{"href":"https:\/\/mietentscheid-frankfurt.de\/index.php?rest_route=\/wp\/v2\/pages\/1491"}],"collection":[{"href":"https:\/\/mietentscheid-frankfurt.de\/index.php?rest_route=\/wp\/v2\/pages"}],"about":[{"href":"https:\/\/mietentscheid-frankfurt.de\/index.php?rest_route=\/wp\/v2\/types\/page"}],"author":[{"embeddable":true,"href":"https:\/\/mietentscheid-frankfurt.de\/index.php?rest_route=\/wp\/v2\/users\/1"}],"replies":[{"embeddable":true,"href":"https:\/\/mietentscheid-frankfurt.de\/index.php?rest_route=%2Fwp%2Fv2%2Fcomments&post=1491"}],"version-history":[{"count":2,"href":"https:\/\/mietentscheid-frankfurt.de\/index.php?rest_route=\/wp\/v2\/pages\/1491\/revisions"}],"predecessor-version":[{"id":1609,"href":"https:\/\/mietentscheid-frankfurt.de\/index.php?rest_route=\/wp\/v2\/pages\/1491\/revisions\/1609"}],"wp:attachment":[{"href":"https:\/\/mietentscheid-frankfurt.de\/index.php?rest_route=%2Fwp%2Fv2%2Fmedia&parent=1491"}],"curies":[{"name":"wp","href":"https:\/\/api.w.org\/{rel}","templated":true}]}}